pose 4*x = -h + 77, 0*x + 2*x + j = h. Is h a prime number?
False
Let n be 2 - (-1 - (1 + -2)). Is (8/12)/(n/30) a composite number?
True
Let c be -3 + 0 + (1 - -4). Is -1*((1 - 36) + c) composite?
True
Suppose 2*d - 5*r + 3319 = 13278, -3*r - 15 = 0. Is d prime?
True
Suppose -2*r + 4*d = -0*d - 196, -520 = -5*r + 4*d. Let c = r + -62. Is c a composite number?
True
Let v be 6*(-3 + 7/2). Let b(f) = 62*f + 1. Is b(v) prime?
False
Let u = 16 + -14. Is (3 - 2) + u + 118 a composite number?
True
Let k = -358 - -945. Is k composite?
False
Let z = -141 - -304. Is z a composite number?
False
Let y = 5 + 0. Suppose -y*f + 0*u = -u - 235, -4*u + 47 = f. Is f a prime number?
True
Suppose -5*f + k + 18 = 0, k + 12 = f - 2*k. Let h be (-2)/((5 - -1)/f). Let t(m) = 36*m**2 - 1. Is t(h) prime?
False
Suppose 4 = 3*z - z. Let h(w) = -3*w. Let g be h(z). Is 2/3 - 62/g a composite number?
False
Let i(m) = -m + 66*m + m - 1. Is i(2) a prime number?
True
Suppose -2*m + 6*m - 764 = 0. Is m a prime number?
True
Suppose -2*w - 4*i = 3*w + 1370, -2*i = -w - 288. Let v = w + 489. Is v a prime number?
True
Suppose -2*k + 251 = 3*h, -4*h = -3*k - 27 - 336. Is h prime?
False
Let x(d) = -7*d + 18. Let h(v) = -10*v + 27. Let q(f) = 5*h(f) - 7*x(f). Let p be q(5). Suppose p*t - 48 - 44 = 0. Is t a composite number?
False
Is (-4)/(-4)*0 - -177 a prime number?
False
Let y = -113 + 31. Let s = y - -169. Is s prime?
False
Let o = -5 - -17. Suppose i = 3*x - 32, -o = 2*i - 2. Suppose -47 + x = -2*l. Is l prime?
True
Let l = -9 - -1. Let s be (3 + -1 + 1)*9. Let k = s + l. Is k composite?
False
Let m(k) = -k**3 + 4*k**2. Let z = 12 + -8. Let a be m(z). Suppose -n - 3*r + 118 = a, -2*n - 111 = -r - 368. Is n composite?
False
Let y be (1/(-3))/((-3)/18). Suppose 2*s = c - 5, 5*c + y*s - 9 = 40. Is c a prime number?
False
Suppose -22*p = -25*p + 597. Is p a composite number?
False
Suppose -3117 = -7*f + 4*f - 3*h, f = 2*h + 1048. Is f prime?
False
Let a = 4690 + -2297. Is a prime?
True
Suppose -y = -3*y + 16. Let z(q) = -4 + 10*q**2 - q**3 + 1 - 5*q + 4. Is z(y) a prime number?
True
Let m = -2 + -19. Let w = m - -68. Is w a composite number?
False
Let y be (-1 + 98/3)*3. Let r = -18 + 18. Let m = y - r. Is m a prime number?
False
Suppose 0 = -3*i - 6, -i = 3*k - 0*i - 67. Let s = 37 - 21. Suppose -k = -3*q + s. Is q a composite number?
False
Let r(v) = 3*v**2 + 1. Let k(y) = y. Let d(h) = -3*k(h) + r(h). Suppose 0*n - 4*n = 12. Is d(n) prime?
True
Let t(b) be the third derivative of b**5/30 - b**4/4 + 3*b**3/2 - 6*b**2. Is t(-7) prime?
True
Suppose 4*t + t = 165. Suppose -4*m - z + 2*z = -50, -42 = -4*m - 3*z. Let u = t - m. Is u composite?
True
Suppose g + 8 = 5*g. Let m(s) = 34*s**3 - 2*s**2 + 4*s - 2. Let p be m(g). Let f = -143 + p. Is f prime?
True
Let d = 2 - -1. Is (-247)/(-3) - d/9 composite?
True
Let w(o) = -42*o**2 - 19*o + 4. Let x(k) = -28*k**2 - 13*k + 3. Let m(n) = -5*w(n) + 7*x(n). Is m(-3) prime?
False
Let y(q) = -q**3 - 8*q**2 - 7*q + 2. Let x be y(-7). Suppose -5*o + x*r = -3*r - 780, -4*r = 4*o - 632. Is o composite?
False
Suppose -4*d - 2*v = -94, -d - 3*d + 88 = -4*v. Is d a prime number?
True
Is 306*38/20 - (-4)/(-10) a composite number?
True
Suppose 8*q - 3076 = 4*q. Is q prime?
True
Suppose 2*y + 0*y = 24. Suppose 2*n + y = 3*n. Suppose -3*b - n = -5*b. Is b prime?
False
Let u(x) = -4*x**3 - 14*x**2 - 4*x + 8. Let l(j) = j**3 + j**2 - j - 1. Let v(b) = 3*l(b) + u(b). Is v(-11) a prime number?
False
Suppose m - 3 = -2. Let j be 25 - (-2 + m + 0). Let w = j - -11. Is w prime?
True
Suppose 5 = 4*v + 13. Let n(z) = -450*z + 1. Is n(v) a composite number?
True
Let b(a) = -297*a + 37. Is b(-6) a prime number?
False
Suppose -5*r = k + k - 14, -4*r + 2*k + 4 = 0. Suppose 3*p + 0*j - 87 = r*j, 12 = 4*j. Is p a composite number?
False
Suppose -24 = -3*x - m - 3*m, -x = 4*m - 16. Suppose 0 = x*i - i - 291. Is i prime?
True
Suppose -4*m = -9*m + 75. Let o be 5*((-3)/m - -1). Suppose 2*u = k - 57, o*k - 4*u = u + 219. Is k composite?
True
Suppose 2*z - 3*z = 0. Let s be 44 - (-1 - 1/(-1)). Suppose -10 = -j + 3*x + 15, 2*j - 3*x - s = z. Is j a composite number?
False
Suppose -5*z + 0*z = -1315. Is z a prime number?
True
Is 6/(-9)*10542/(-4) a prime number?
False
Suppose -2*x = 3*p - 1469, 3*x = -5*p + 3364 - 915. Is p composite?
False
Let s = -361 + 244. Let u = 668 + s. Is u composite?
True
Suppose -2*l - 3 = -15. Let g = l + -2. Suppose g*r = k - 359, -5*k + 2*r + 429 = -1420. Is k composite?
True
Let c(f) = 52*f**3 + 7*f**2 - 9*f - 3. Let y(u) = 26*u**3 + 4*u**2 - 5*u - 2. Let p(v) = 3*c(v) - 5*y(v). Is p(1) a prime number?
False
Let o(m) = m**3 - 4. Let y = -12 - -17. Suppose 0 = -y*r + 12 + 13. Is o(r) prime?
False
Let x = 0 - -5. Is 2 - x - -3 - -119 a composite number?
True
Let a = 28 + -18. Suppose -a = -s - 5*f, 2*f + f + 16 = -5*s. Is (s + 7)/((-4)/(-118)) a composite number?
False
Suppose 0 = 4*y - j + 22, -j = 5*y - 3*j + 29. Let f(m) = -8*m + 7. Is f(y) composite?
False
Let s = 32 - 11. Suppose -s = -5*j + 34. Is j prime?
True
Suppose p = 4*v + 20, 3*p + p = 5*v + 36. Suppose 243 + 497 = p*a. Is a a prime number?
False
Let b be (-6)/(-14) + (-44)/(-28). Suppose -b*r + 672 = 5*q, -1647 = -10*r + 5*r + 4*q. Is r composite?
False
Suppose -5806 = -9*b + 665. Is b a composite number?
False
Let y(u) = -42*u + 7. Let n be y(-8). Suppose 3*k - 4*k + 71 = -2*o, 5*k = 4*o + n. Is k prime?
True
Let a be 200/12 - (-2)/6. Suppose 0*d + a = d. Suppose -5*f + 3*i = -d, -3*i - 13 = -4*f - 0. Is f a prime number?
False
Let w(u) = -1505*u + 2. Is w(-1) a composite number?
True
Let u be 13 + -1 - (3 - 0). Suppose u*v + 25 = 4*v. Is (v/(-4))/((-2)/(-24)) composite?
True
Let m(o) = -104*o - 9. Is m(-4) a prime number?
False
Suppose -1490 = 2*s - 7*s. Is s composite?
True
Suppose -3*n + 166 = -2*a - 193, 4*n + a = 464. Let d(y) = -y**3 - 12*y**2 - 11*y + 4. Let q be d(-11). Suppose -271 = -q*m + n. Is m a composite number?
False
Let y(u) = u**2 - 3*u + 4. Let m be y(4). Let c = 7 - -48. Suppose m*l = 3*l + c. Is l a prime number?
True
Let a(n) = -4*n**3 - 8*n**2 - 7. Is a(-7) a composite number?
True
Suppose 3*l + w = -w + 441, 0 = -3*l + w + 450. Is l composite?
False
Suppose m = p - 4, 5*m = -4*p + m. Suppose -3*r + y - p*y = -119, 5*r - 199 = -2*y. Is r composite?
True
Suppose 3*z + 4 = -2. Is 59 + (z - (-2 + 1)) composite?
True
Let j(u) = -u**3 - 6*u**2 - 4*u + 6. Let f be j(-5). Let t be (-8*(f - 9))/1. Let x = -25 + t. Is x composite?
True
Suppose 4*x + 12 = 2*c, -x = -3*c - 0*c + 8. Suppose 0 = 2*y + c*y - 52. Is y composite?
False
Is (-753)/12*-1*4 composite?
False
Let p = 4 - 3. Let q be p + -3*(-1 + 0). Suppose q*t - 210 = -t - z, z - 167 = -4*t. Is t a prime number?
True
Suppose -4*m = 5*s - 48, 2*s + s = -m + 33. Suppose 52 = -4*k + 2*k. Let w = s - k. Is w a prime number?
False
Let u = -20 - 4. Let r = u + 103. Is r composite?
False
Let g = 285 - -165. Let k = g + -305. Is k prime?
False
Is 1/((-12)/(-36)*(-6)/(-2174)) a prime number?
True
Let h(p) = -3 + 2*p + 1 + 11*p. Is h(3) composite?
False
Let u(p) = -p**3 + p**2 - 1. Let w(a) = 21*a**3 - 7*a**2 + 3*a + 1. Let n(h) = 4*u(h) + w(h). Is n(2) a prime number?
True
Let i be 2/(-3*1/(-6)). Suppose 197 = 2*d - d + 4*o, -3*d + 4*o = -607. Suppose 5*y + 4*v - 169 = 0, -5*y + i*v = -0*v - d. Is y a composite number?
False
Let l(i) = -4*i + 12*i**3 + 4 - 11*i**3 + 5*i**2 - 3*i**2. Is l(3) prime?
True
Let l = 8 + -5. Suppose -4*u = -2*r + 14, 0 = -r - 4*u + l*u + 4. Suppose -6 = -3*i + 2*y + 119, r*i - 203 = 2*y. Is i a composite number?
True
Let b(n) = 40*n**2 - n + 4. Is b(-5) prime?
True
Let b = -13 + 99. Is b prime?
False
Let d(u) = -2*u + 23 - 4*u + 4*u + u + u**2. Suppose 3*b = 8*b. Is d(b) composite?
False
Let j(m) = -m**3 - 4*m**2 - m - 2. Let f be j(-4). Suppose -2*h = f*b - 120, 5*h - 2*b + 6*b - 305 = 0. Is h prime?
False
Suppose -2*l - 22 + 2 = 0. Let o(n) = -7*n - 15. Is o(l) a prime number?
False
Let l(a) = -1 - a**2 - 9*a - 7 - 7*a. Let f be l(-8). Suppose -w = 3*w - f. Is w a prime number?
False
Let b be -6*(8/6)/(-2). Suppose 0 = -2*m, 4*t + 516 = b*m - 324. Let p = -141 - t. Is p a prime number?
False
Suppose -t = -1607 - 126. Is t a composite number?
False
Let u(r) = r**2. Let v(z) = 2*z**2. Let a(s)